{"id":107735,"date":"2025-04-11T11:59:37","date_gmt":"2025-04-11T09:59:37","guid":{"rendered":"https:\/\/newtheme.jakompetens.se\/?post_type=jakompetens_course&#038;p=107735"},"modified":"2026-04-07T23:30:20","modified_gmt":"2026-04-07T21:30:20","slug":"boverkets-nya-regler-om-ventilation","status":"publish","type":"jakompetens_course","link":"https:\/\/newtheme.jakompetens.se\/utbildningar\/boverkets-nya-regler-om-ventilation\/","title":{"rendered":"Boverkets nya regler om ventilation"},"content":{"rendered":"<p class=\"ingress wp-block-jak-intro-text\">Effektiv ventilation &#8211; Nyckeln till h\u00e4lsa, komfort och energieffektivitet. Vad inneb\u00e4r f\u00f6r\u00e4ndringarna f\u00f6r dig?<\/p>\n\n<div class=\"jak-course-sections\">\n<div class=\"jak-course-sections-wrapper\">\n<section class=\"jak-course-section jak-course-section--target_group\"><h2>M\u00e5lgrupp<\/h2><div class=\"jak-course-section-content\"><section class=\"jak-course-section jak-course-section--target_group\"><div class=\"jak-course-section-content\"><p>Den 1 juli 2025 tr\u00e4der Boverkets nya byggregler (BBR) i kraft och kommer att p\u00e5verka bygg- och fastighetsbranschen. Reglerna inneb\u00e4r en ny struktur och f\u00f6r\u00e4ndringar som direkt p\u00e5verkar hur vi arbetar med\u00a0projektering, utf\u00f6rande och kontroll av ventilationssystem.\u00a0\u00c4r du beredd?<\/p><\/div><\/section><\/div><\/section>\n<section class=\"jak-course-section jak-course-section--content\"><h2>Inneh\u00e5ll<\/h2><div class=\"jak-course-section-content\"><section class=\"jak-course-section jak-course-section--content\"><div class=\"jak-course-section-content\"><ul class=\"wp-block-list\">\r\n \t<li>S\u00e4kerhet i h\u00e4ndelse av brand (BFS 2024:7)<\/li>\r\n \t<li>Vilka krav g\u00e4ller?<\/li>\r\n \t<li>Skydd med h\u00e4nsyn till hygien och h\u00e4lsa (BFS 2024:8)<\/li>\r\n \t<li>Nya perspektiv p\u00e5 ventilation.<\/li>\r\n \t<li>Skydd mot buller i byggnader (BFS 2024:10)<\/li>\r\n \t<li>Vad f\u00f6r\u00e4ndras och vad best\u00e5r?<\/li>\r\n \t<li>Risker vid vissa typer av arbeten (AFS 2013:13)<\/li>\r\n \t<li>Hitta regler kring asbest i AV`s nya struktur<\/li>\r\n<\/ul><\/div><\/section><\/div><\/section>\n<section class=\"jak-course-section jak-course-section--purpose\"><h2>Syfte<\/h2><div class=\"jak-course-section-content\"><section class=\"jak-course-section jak-course-section--purpose\"><div class=\"jak-course-section-content\"><p>V\u00e5r kurs ger dig\u00a0en tydlig genomg\u00e5ng av f\u00f6r\u00e4ndringarna och praktiska insikter\u00a0om hur de nya reglerna kommer att till\u00e4mpas.\r\n\r\nPerfekt f\u00f6r dig som arbetar med ventilationssystem, exempelvis:\r\n\r\n\u2705\u00a0Certifierade sakkunniga funktionskontrollanter\r\n\u2705\u00a0Byggnadsinspekt\u00f6rer och bygglovshandl\u00e4ggare\r\n\u2705\u00a0Arkitekter, projektledare och kontrollansvariga\r\n\u2705\u00a0Byggherrar, fastighets\u00e4gare och konsulter<\/p><\/div><\/section><\/div><\/section>\n<\/div>\n<\/div>\n\n","protected":false},"featured_media":107739,"parent":0,"menu_order":0,"template":"","course_category":[],"course_tag":[],"class_list":["post-107735","jakompetens_course","type-jakompetens_course","status-publish","has-post-thumbnail","hentry"],"_links":{"self":[{"href":"https:\/\/newtheme.jakompetens.se\/api\/wp\/v2\/jakompetens_course\/107735","targetHints":{"allow":["GET"]}}],"collection":[{"href":"https:\/\/newtheme.jakompetens.se\/api\/wp\/v2\/jakompetens_course"}],"about":[{"href":"https:\/\/newtheme.jakompetens.se\/api\/wp\/v2\/types\/jakompetens_course"}],"wp:featuredmedia":[{"embeddable":true,"href":"https:\/\/newtheme.jakompetens.se\/api\/wp\/v2\/media\/107739"}],"wp:attachment":[{"href":"https:\/\/newtheme.jakompetens.se\/api\/wp\/v2\/media?parent=107735"}],"wp:term":[{"taxonomy":"course_category","embeddable":true,"href":"https:\/\/newtheme.jakompetens.se\/api\/wp\/v2\/course_category?post=107735"},{"taxonomy":"course_tag","embeddable":true,"href":"https:\/\/newtheme.jakompetens.se\/api\/wp\/v2\/course_tag?post=107735"}],"curies":[{"name":"wp","href":"https:\/\/api.w.org\/{rel}","templated":true}]}}

<p class="ingress wp-block-jak-intro-text">Effektiv ventilation &#8211; Nyckeln till hälsa, komfort och energieffektivitet. Vad innebär förändringarna för dig?</p>

<div class="jak-course-sections">
<div class="jak-course-sections-wrapper">
<section class="jak-course-section jak-course-section--target_group"><h2>Målgrupp</h2><div class="jak-course-section-content"><section class="jak-course-section jak-course-section--target_group"><div class="jak-course-section-content"><p>Den 1 juli 2025 träder Boverkets nya byggregler (BBR) i kraft och kommer att påverka bygg- och fastighetsbranschen. Reglerna innebär en ny struktur och förändringar som direkt påverkar hur vi arbetar med projektering, utförande och kontroll av ventilationssystem. Är du beredd?</p></div></section></div></section>
<section class="jak-course-section jak-course-section--content"><h2>Innehåll</h2><div class="jak-course-section-content"><section class="jak-course-section jak-course-section--content"><div class="jak-course-section-content"><ul class="wp-block-list">
 	<li>Säkerhet i händelse av brand (BFS 2024:7)</li>
 	<li>Vilka krav gäller?</li>
 	<li>Skydd med hänsyn till hygien och hälsa (BFS 2024:8)</li>
 	<li>Nya perspektiv på ventilation.</li>
 	<li>Skydd mot buller i byggnader (BFS 2024:10)</li>
 	<li>Vad förändras och vad består?</li>
 	<li>Risker vid vissa typer av arbeten (AFS 2013:13)</li>
 	<li>Hitta regler kring asbest i AV`s nya struktur</li>
</ul></div></section></div></section>
<section class="jak-course-section jak-course-section--purpose"><h2>Syfte</h2><div class="jak-course-section-content"><section class="jak-course-section jak-course-section--purpose"><div class="jak-course-section-content"><p>Vår kurs ger dig en tydlig genomgång av förändringarna och praktiska insikter om hur de nya reglerna kommer att tillämpas.

Perfekt för dig som arbetar med ventilationssystem, exempelvis:

✅ Certifierade sakkunniga funktionskontrollanter
✅ Byggnadsinspektörer och bygglovshandläggare
✅ Arkitekter, projektledare och kontrollansvariga
✅ Byggherrar, fastighetsägare och konsulter</p></div></section></div></section>
</div>
</div>
